 - 4) + 0).
1
What is the value of -7 + 2 + (0 - -2) + 2?
-1
Calculate (4 - (-1 - -2)) + 0 + 0.
3
-1 + ((-2 - -3) + -4 - -1)
-3
Evaluate -50 - -59 - (3 - 2 - -3).
5
Calculate (-7 + 7 - -6) + -6.
0
3 - (0 - 0 - 0)
3
Calculate 2 + -3 + -11 - -8.
-4
Evaluate 8 + -17 + 6 - -8.
5
What is 0 + -3 - (-1 - -6 - 3)?
-5
Calculate (1 - 4) + 0 + 6.
3
1 + 6 + -7 + 5 + -1
4
What is (13 - 8) + -6 + (4 - 0)?
3
Calculate (-1 - 2) + -1 + 3 + -5.
-6
What is the value of 5 + 0 + (-40 - -30)?
-5
Evaluate 0 - 2 - (-7 + -3 + 7).
1
Evaluate 3 + -10 + -3 + 6.
-4
Evaluate -7 + 2 + 1 + 1 + -2.
-5
Calculate 0 - 5 - (-3 + (-3 - -4)).
-3
Calculate (-3 - 3) + 7 + 6.
7
Evaluate 8 - -1 - (31 + -26).
4
Calculate -1 + -1 + -2 + 6.
2
-2 - 2 - (-6 - -2)
0
Evaluate 2 - (-3 - -1) - (13 + -7).
-2
What is the value of 7 + 4 + -7 - 1?
3
What is -1 - -1 - (9 + -10)?
1
Evaluate 4 + (-16 - -5) - -4.
-3
What is 2 + (-6 - 1) - -8?
3
What is the value of 0 + 2 - (25 + -27)?
4
What is the value of 4 - (-1 + 3 + -1 + -2)?
5
2 + 2 + (4 + -4 - 0)
4
Evaluate -154 - -142 - (2 - 15).
1
Evaluate 0 + -14 + 13 - (-3 + -3).
5
Calculate -16 + 14 + 0 + 0.
-2
Evaluate -6 + (2 - 2) + 4.
-2
What is (-4 - 5) + -4 + 8?
-5
Calculate 2 - (1 - -2) - (-27 - -36).
-10
Calculate 100 + -90 + -11 + 1.
0
Evaluate 0 + 3 + -4 + 5.
4
What is -4 + (3 - 10) + 6?
-5
Evaluate 9 + (3 - ((8 - -4) + -4)).
4
What is (2 + -1 - 3) + 4 - -2?
4
What is 5 - -2 - (7 - (-13 - -12))?
-1
Calculate 2 + (5 + 1 - 8) + 0.
0
Evaluate -5 - (6 - (-5 - (-6 - 4))).
-6
Evaluate (4 - 1) + -1 + -8.
-6
Evaluate (5 - 3) + 3 + -3.
2
Evaluate (4 + -4 + -2 - -7) + -12.
-7
What is (0 - (-2 - 3)) + -5?
0
What is the value of -8 - (0 + 2 - 4)?
-6
Evaluate 0 - (-1 - -12 - 19).
8
Calculate 5 - (-5 - (-2 - 6 - -3)).
5
What is the value of -4 - (-1 + 7 + -13)?
3
9 - (5 + (-2 - -4 - 5))
7
What is -3 + (6 - (0 - -1)) - -3?
5
Evaluate (-2 - -4) + 8 - 7.
3
Calculate 4 + (1 - 0 - 5 - 4).
-4
Evaluate -7 + -10 + (-4 - -23).
2
-7 - (-6 + 12 + -7)
-6
Calculate 5 + 3 - (-19 - -19).
8
What is 37 - 34 - (2 - -1)?
0
What is -9 - -12 - (1 - -3 - 0)?
-1
9 + 8 + (1 - 14)
4
What is the value of -1 - (-13 + 10 + -1 + 6)?
-3
Evaluate (1 - (-1 - -4)) + (0 - -2).
0
Calculate (2 + -9 - 0) + (0 - -4).
-3
What is the value of 1 + (7 - (-4 - -7))?
5
What is (-29 - -35) + -3 + -3 + 3?
3
What is the value of (4 - (9 - 10)) + 4?
9
What is the value of -5 - (-3 + 2) - -6?
2
6 + -3 - (0 - 0)
3
What is the value of -4 + 7 + -5 + -1?
-3
What is 0 - (0 - ((-3 - -1) + 5))?
3
-5 + (9 - 1) + -1 + -2
0
Calculate (75 - 71) + -2 + 3 + 0.
5
Calculate -2 + (-1 - 3) + (10 - -3).
7
Calculate -6 + 4 + 0 - -3.
1
(10 - 16) + 0 + 0 + -1
-7
What is 10 - (14 + 1 + -9 + 1)?
3
Calculate 2 - (-8 - -8) - (-1 + -3).
6
What is 4 + (2 - 8) + 1?
-1
Evaluate (-279 - -268) + 8 + -1.
-4
What is 7 - ((-2 - -8) + (-11 - -12))?
0
What is the value of -6 - 1 - -3 - (7 - 11)?
0
1 + 8 + -2 + 2 + -4
5
What is the value of (9 - 12) + (0 - -1) - -5?
3
Evaluate 1 + (0 - (-4 + (1 - -1))).
3
-7 - 1 - (-174 - -170)
-4
What is the value of (-1 - -5) + -3 - 0 - 1?
0
What is the value of 1 + (3 - 11 - -2)?
-5
(8 - 1) + -3 + -2 + 5
7
9 - (69 + -74 + (13 - 1))
2
What is the value of (9 - 4) + -2 + (-4 - 0)?
-1
What is 0 + -14 - (-28 + 18)?
-4
What is 6 + (-1 - 0 - 4) + 3?
4
What is 13 + (-27 - -7) + 11?
4
Evaluate (3 - (2 - -2)) + 3 + 3.
5
Calculate -7 + (0 + 1 - (-1 + 0)).
-5
Calculate -2 + -3 + 0 + 0 + 5.
0
What is the value of -4 + (-3 - (-7 + -4))?
4
Evaluate 9 + -3 + (10 - 8) + -5.
3
What is 4 + (4 + -4 - 8)?
-4
Calculate 5 - (14 + -12 + 7).
-4
What is (1 - 6) + (-4 - -5)?
-4
4 - 6 - -2 - -5
5
What is the value of -9 + 3 - -19 - 7?
6
Calculate -4 + 4 + 2 + 2.
4
Evaluate 3 + 5 + 7 + -6.
9
What is -1 + 0 + 6 + -3?
2
Calculate -3 + (-1 - -2) + -2.
-4
Evaluate -13 + -2 - -3 - -8.
-4
Evaluate 3 - (-5 + (-9 + 5 - -8)).
4
Evaluate 1 + -7 - (-18 - (-14 + 4)).
2
Evaluate -1 - -2 - (16 + -12 + -6).
3
Evaluate (-2 - 3) + -2 + 5.
-2
9 + 5 - (-7 + 13)
8
Calculate 4 + -1 + 5 + (-2 - 9).
-3
Calculate 4 - (6 + -2 + -4 + 0).
4
What is the value of -2 - (1 + -2 + -2)?
1
What is the value of 2 + -3 + 0 + 0 + -2?
-3
What is the value of -6 + 6 + -4 - -2 - -5?
3
Evaluate (-2 - (-3 + 0)) + (-21 - -23).
3
1 + 3 + -2 - (-3 + 0)
5
What is 12 + (-12 - -12) + 2 + -8?
6
What is -1 + -2 + (-3 - -12) - 3?
3
-3 + 4 + -1 + 1 - -4
5
What is (1 - 8) + -13 + (9 - -17)?
6
-13 + 21 + -5 + -8
-5
Calculate -10 - (14 + -12 + (-7 - -2)).
-7
Calculate 8 + -1 - (53 + -46).
0
9 - (12 + -8 - -6)
-1
What is the value of -1 + 1 - (2 + (11 - 8))?
-5
Evaluate (-10 - -5) + 1 - -5.
1
(0 - -1) + -4 - (8 + -5)
-6
What is the value of (-4 + -4 + 1 - -4) + 4?
1
Calculate -27 + 28 + -1 + 2 + -1.
1
What is (126 - 115) + (-4 - 0)?
7
Calculate -8 - -2 - ((-3 - -6) + -2).
-7
What is the value of -14 + 3 + 3 - (21 - 26)?
-3
Evaluate 5 + (-4 - (-5 + 3)) + -3.
0
What is -1 + (2 - (2 - 2)) + 2?
3
Evaluate 25 + -27 + (-3 - -1) + 5.
1
What is the value of 5 + (-5 - 0) - (28 - 21)?
-7
-2 - 0 - 4 - (3 + -8)
-1
Evaluate 1 + 1 + (8 - 0) + -8.
2
What is 1 + 0 + (92 - 93)?
0
Calculate -12 - -14 - 2 - -4.
4
(-6 + -5 - -5 - -1) + 1
-4
Calculate 3 + (-3 - (8 + -4)) + -1.
-5
-2 + -1 + -1 + (0 - 1)
-5
Calculate 43 + -47 - (1 - -1).
-6
-1 - ((1 - 1) + -2 + -2)
3
9 - (3 - (-9 + 1))
-2
Calculate 0 + 2 - ((-5 - -6) + -1).
2
What is (1 + -1 - (1 + 1)) + 6?
4
What is the value of 6 - (3 + 1 - (36 + -43))?
-5
Calculate -5 + 0 + 1 + -1.
-5
-3 - -6 - (3 + 0)
0
Evaluate 4 + (0 - 2) + 0.
2
Calculate 14 + 7 + -4 + -11 - -4.
10
Evaluate -5 + (1 - -2 - -2) + -9.
-9
What is the value of 23 - 30 - (0 + -5)?
-2
Calculate -4 + -1 + 0 - (2 + 1).
-8
What is the value of (7 - 13) + 1 + 2?
-3
Evaluate (-7 - -11) + (2 - 15).
-9
-1 - (-6 - -8) - -3
0
-2 - (1 - (4 + -3) - 2)
0
What is the value of -4 + (-1 - 2) - -2?
-5
What is the value of 25 - 22 - (2 - 1)?
2
What is the value of 6 + -1 - (7 - (-3 + 2))?
-3
-5 + -1 - (3 - 8)
-1
What is the value of (1 - 3) + (-6 - -6) + 1?
-1
Evaluate (-11 - -11) + 3 + -1.
2
What is the value of -14 + (3 - 1) + 7?
-5
-3 + 1 + -4 + 1 + 2
-3
Evaluate -1 + -4 + -4 - -2.
-7
10 - (-7 - -4) - 19
-6
What is 3 + -3 - ((3 - 10) + 2)?
5
Evaluate 3 - (-2 - (-4 - 7)).
-6
What is 3 - 5 - (-4 - 1)?
3
(16 - 8) + -11 - -9
6
What is 2 + 0 + 2 + (-1 - 0)?
3
-11 - (11 - 9 - 6)
-7
1 + (3 - (0 + -1)) + -1
4
Evaluate -4 + -2 + 3 - 0.
-3
Calculate 0 + -4 - (-10 - -9 - 5).
2
Calculate (-10 - (-17 - -6)) + 1 + 0.
2
What is the value of -1 + 9 + 0 + -4?
4
Evaluate -1 + 1 + 7 - (1 + 2).
4
-2 + -2 - -5 - (-3 - -7)
-3
What is the value of -2 - 1 - (4 - 13 - -4)?
2
What is the value of 6 + (-3 - (9 + -7))?
1
Evaluate -2 - (2 + (-4 - (0 + -3))).
-3
Evaluate 112 - 105 - (-1 + -3).
11
What is 1 + 4 + (2 - 4)?
3
Evaluate 0 + ((-5 - -2) + 0 - 0).
-3
What is the value of 12 - (-6 - -14) - (-2 - -6)?
0
What is the value of -7 + (-3 + (10 - 5) - -3)?
-2
Evaluate -10 + 11 + (-5 - (2 - 3)).
-3
23 + 3 + -11 + -5
10
Evaluate (24 - 25) + (-3 - -1).
-3
Calculate -5 + 1 - -9 - (-1 + 1).
5
What is the value of 3 - (-4 + 7) - -2?
2
2 - 7 - -6 - -3
4
(-3 + 1 - (2 + -1)) + 5
2
Evaluate -15 - -7 - (-24 - -19).
-3
Calculate 4 - (6 + (-2 - -2) - 2).
0
What is the value of -1 + -6 + (14 - (0 + 3))?
4
What is (-1 - 0) + 4 + -11 + 7?
-1
What is (-7 - -23) + (-17 - -6)?
5
0 + 1 - -2 - (12 + -13)
4
What is the value of 1 - 1 - -1 - -4?
5
-2 + 1 + 1 - (3 + -7)
4
Calculate 5 + -4 + -10 - (2 - 6).
-5
Calculate 1 - -2 - (-7 - (-9 - -1)).
2
Calculate -28 + 21 - (-10 + -1).
4
-12 + 3 + 5 - (-1 - -1)
-4
Calculate 67 + -73 - (-11 - 0) - 1.
4
What is (-13 - -10) + 5 + -2?
0
0 + -1 + -4 - -2
-3
Evaluate (6 - 0) + -4 + 1.
3
Evaluate 142 - 140 - ((0 - 0) + 0).
2
6 + 7 + 1 + -6
8
Evaluate 10 + 1 + (-6 - 9).
-4
-10 - (-6 - -2) - -8
2
What is (3 - 0) + (-1 - (-1 - -2))?
1
Evaluate (11 - 9 - 7) + (-3 - -14).
6
Calculate -5 - (1 + 2 + -7).
-1
1 - (4 + -3 + -2 + 2)
0
-5 + (3 + -1 - (2 - 5))
0
Evaluate -4 - (2 - ((2 - 1) + 3)).
-2
13 + -11 + 0 + -1
1
What is 1 + 0 + -7 + (1 - 1)?
-6
What is the value of 1 + -1 + (-3 - -10) + -1?
6
-6 - 2 - (13 - 18)
-3
Evaluate (17 - 21) + (0 - 1).
-5
What is -2 + 6 - (0 - 0) - 3?
1
8 + -8 + 1 + -2
-1
Calculate 6 - (7 - (3 - (1 + -1))).
2
Evaluate (14 - (-19 + 29)) + -10 + -1.
-7
What is the value of 11 - (-16 + 17 + (2 - -2))?
6
Cal